-11110?
-22022101201
In base 8, what is 5 + 50042153?
50042160
In base 14, what is -2bad + -25?
-2bd4
In base 12, what is -110 + 8346a?
8335a
In base 2, what is 10 + -101000101110001011110001110?
-101000101110001011110001100
In base 9, what is -43 + 142522?
142468
In base 13, what is -116c - -624c?
50b0
In base 10, what is -1365 + -57308?
-58673
In base 2, what is 101110001111111 - 1111001001?
101100010110110
In base 6, what is 541155 - -531?
542130
In base 6, what is -2143332434 - 4?
-2143332442
In base 7, what is 61 - 54145?
-54054
In base 5, what is 134440 - -22002?
211442
In base 11, what is 2595 - 917?
1779
In base 16, what is -7fd0 - -286?
-7d4a
In base 10, what is 5 + -89562816?
-89562811
In base 14, what is -94577dc + 2?
-94577da
In base 6, what is 4351 - -5525?
14320
In base 11, what is -3 + -7a022a2?
-7a022a5
In base 7, what is 1404520 - 561?
1403626
In base 10, what is -3 + 20254485?
20254482
In base 13, what is c60b58c + 5?
c60b594
In base 13, what is -3b0 + -1137?
-1517
In base 8, what is -3 - -6005576?
6005573
In base 6, what is 154401504 + -3?
154401501
In base 4, what is -231200 - -200231?
-30303
In base 11, what is -9 + -a92225?
-a92233
In base 10, what is -3171242 - 22?
-3171264
In base 3, what is 200 + -202002112202?
-202002112002
In base 4, what is -101 + -113203110?
-113203211
In base 2, what is 10111000 + 110010011011010001?
110010011110001001
In base 11, what is -9818a83 - -5?
-9818a79
In base 9, what is -263438317 + 0?
-263438317
In base 3, what is -11022100002 + -1201221?
-11101002000
In base 7, what is -25350 - 164142?
-222522
In base 10, what is -427718 - 19?
-427737
In base 3, what is -1011101022001101211 + 10?
-1011101022001101201
In base 11, what is a - 12734?
-12725
In base 10, what is 22 + 2152886?
2152908
In base 16, what is -1 - -2ebe85?
2ebe84
In base 13, what is 525c + -2a98?
2494
In base 15, what is d54 - 14b8?
-664
In base 10, what is 154716 - -117?
154833
In base 6, what is -1532404 - 13?
-1532421
In base 14, what is 8a32 + -a8?
8968
In base 9, what is 1 - 332647?
-332646
In base 4, what is 32310311131010 - -10?
32310311131020
In base 8, what is 460043 + -133?
457710
In base 7, what is 12440 - 3124?
6313
In base 3, what is 10112202002 + -102?
10112201200
In base 14, what is -2d1 - -13203?
12d12
In base 5, what is 30310001222 - -3?
30310001230
In base 5, what is -4 + -31142124011?
-31142124020
In base 2, what is 0 + 101010001100100011100?
101010001100100011100
In base 13, what is -a40 - 19090?
-19b00
In base 15, what is 57473c + -2?
57473a
In base 2, what is 10110 - -1101111000000100?
1101111000011010
In base 12, what is -8243 + -101?
-8344
In base 13, what is 520 - -2cc20?
30440
In base 16, what is -1155 - -13278?
12123
In base 2, what is -1010001 + -10001110110110010?
-10001111000000011
In base 4, what is -21330131102 - 121?
-21330131223
In base 12, what is 1514388 + -4?
1514384
In base 3, what is -112121211210022 + -1?
-112121211210100
In base 4, what is -2 - 302111131201?
-302111131203
In base 4, what is -33132 - 123220?
-223012
In base 7, what is 1 + 32534336?
32534340
In base 13, what is -19630 - -ab0?
-18850
In base 8, what is -71760 - 426?
-72406
In base 12, what is -32 + 27a29?
279b7
In base 8, what is 10443465 - -61?
10443546
In base 11, what is -445764 - -54?
-445710
In base 6, what is -1 - -41325454?
41325453
In base 8, what is 0 + -10072072?
-10072072
In base 8, what is 31157 + -275?
30662
In base 4, what is 1330 - 2331032?
-2323102
In base 16, what is 1d3 + -bdb8?
-bbe5
In base 5, what is 4324 + -4323424?
-4314100
In base 16, what is 24c6 + c3dc?
e8a2
In base 7, what is 16 - 55442133?
-55442114
In base 2, what is 11000111 + -11000111000011?
-11000011111100
In base 14, what is 1 + -140d31a?
-140d319
In base 6, what is 11004114 + -3140?
11000534
In base 16, what is -210 + 877ad?
8759d
In base 9, what is -315 + -315342?
-315657
In base 14, what is -4 - -3700902?
37008dc
In base 11, what is 9 + 2291371?
229137a
In base 9, what is 570266505 + 1?
570266506
In base 7, what is -434061140 - -6?
-434061131
In base 6, what is -2551123201 + 3?
-2551123154
In base 3, what is -21020012 - -2200212?
-11112100
In base 10, what is -5 + 230691135?
230691130
In base 11, what is a9a08 - -155?
aa062
In base 11, what is -3 - -31524129?
31524126
In base 16, what is 10eb - 1e75?
-d8a
In base 8, what is 250 - 17366?
-17116
In base 2, what is -100010110010000 - -1001000?
-100010101001000
In base 8, what is 61 - -55215?
55276
In base 14, what is -1227d72 + 4?
-1227d6c
In base 10, what is -4261 - -189?
-4072
In base 6, what is 4 + -11143503200?
-11143503152
In base 2, what is -11001111000010110101100 - -11?
-11001111000010110101001
In base 10, what is -5 + 26644963?
26644958
In base 7, what is -41562324 + -42?
-41562366
In base 15, what is -2 + 2e09c3?
2e09c1
In base 10, what is 208124 - 402?
207722
In base 10, what is 2 - 328393872?
-328393870
In base 13, what is 6bb19 + 25?
6bb41
In base 15, what is 2ad6d63 + -1b?
2ad6d47
In base 14, what is -1261853 + 39?
-1261818
In base 10, what is -34910 + -285?
-35195
In base 7, what is -1 + 352534116?
352534115
In base 16, what is fd9b - -a4?
fe3f
In base 7, what is 144 + 22453462?
22453636
In base 2, what is -1000000011110 + -10000110101010?
-11000111001000
In base 10, what is 23862096 - -3?
23862099
In base 16, what is 1d + -11658?
-1163b
In base 10, what is 315800 - -325?
316125
In base 4, what is -11 + 3131310122?
3131310111
In base 7, what is 5 - -3604434?
3604442
In base 12, what is 3596 - a4a?
2748
In base 4, what is -1033233102321 - 10?
-1033233102331
In base 8, what is -5753 - -3314?
-2437
In base 13, what is c289 + -1a8c?
a4ca
In base 4, what is -303311230 - 11203?
-303323033
In base 6, what is 215 - 342221?
-342002
In base 6, what is 1035112 + -4123?
1030545
In base 11, what is 5 - -14589626?
14589630
In base 2, what is 1011010 - 1001011100110000001010?
-1001011100101110110000
In base 3, what is -11 + -22101222121220111?
-22101222121220122
In base 4, what is -2213110321133 - 1?
-2213110321200
In base 4, what is 103213111 + -22230?
103130221
In base 16, what is b - -b5cc98?
b5cca3
In base 16, what is -7d852 - 3?
-7d855
In base 9, what is -10774 + -13678?
-24563
In base 5, what is -2323133 + -341?
-2324024
In base 14, what is -1 - -21a79b?
21a79a
In base 2, what is 10011111010001010000101 - -110?
10011111010001010001011
In base 14, what is -3631840 + 3?
-363183b
In base 14, what is -1aa + 1802?
1636
In base 4, what is 1 + 22132332213010?
22132332213011
In base 2, what is -11100111000101011100 + 1000001100?
-11100110111101010000
In base 4, what is 11 - 12113311233?
-12113311222
In base 12, what is -23b + 9b6629?
9b63aa
In base 16, what is -6a95 - 4e6?
-6f7b
In base 12, what is -1 + aa8896b?
aa8896a
In base 14, what is -4 - -7265646?
7265642
In base 11, what is -15 - -217a45?
217a30
In base 7, what is 2062602645 + -10?
2062602635
In base 5, what is 23120240124 - -4?
23120240133
In base 5, what is 330422003 - 32?
330421421
In base 2, what is 0 + 100110110011101000010001110?
100110110011101000010001110
In base 5, what is 132014421 + 103?
132020024
In base 9, what is -687 - -13318?
12521
In base 13, what is 5 + 6b8696?
6b869b
In base 4, what is 22231121023 + 110?
22231121133
In base 2, what is 100000000010 - 1110100010101000?
-1110000010100110
In base 5, what is -120433204 - 12121?
-121000330
In base 8, what is 116 - -35712754?
35713072
In base 3, what is 21120210222222202 - -10?
21120210222222212
In base 2, what is -11 - -10111100001011101110010?
10111100001011101101111
In base 10, what is 16452 - 1939?
14513
In base 9, what is 444005522 - 1?
444005521
In base 6, what is 2214554 + -2102?
2212452
In base 2, what is 1101110001 - 1001001000110010?
-1000111011000001
In base 15, what is -17 + b868?
b851
In base 15, what is 58d2e0b + -3?
58d2e08
In base 4, what is 2033220302122 + 22?
2033220302210
In base 4, what is -230210 - -331301?
101031
In base 11, what is 26 + -1128a37a?
-1128a354
In base 2, what is 11 - 111111101001000101?
-111111101001000010
In base 13, what is cbb + a034?
b022
In base 3, what is -10 - -12110112212221021?
12110112212221011
In base 6, what is 3531004 + 1330?
3532334
In base 13, what is 214a1 - 5c86?
18518
In base 3, what is -2000011020 + -21110?
-20001